{"id":4525,"date":"2025-10-21T21:44:34","date_gmt":"2025-10-21T19:44:34","guid":{"rendered":"https:\/\/chiesa.ispravarese.it\/?page_id=4525"},"modified":"2025-10-21T21:47:54","modified_gmt":"2025-10-21T19:47:54","slug":"angedacht-06-2025","status":"publish","type":"page","link":"https:\/\/chiesa.ispravarese.it\/de\/angedacht\/angedacht-06-2025\/","title":{"rendered":"Angedacht 06\/2025"},"content":{"rendered":"<p><img loading=\"lazy\" decoding=\"async\" class=\"alignnone size-medium wp-image-4419\" src=\"https:\/\/chiesa.ispravarese.it\/wp-content\/uploads\/2025\/07\/alpaka-224x300.png\" alt=\"\" width=\"224\" height=\"300\" srcset=\"https:\/\/chiesa.ispravarese.it\/wp-content\/uploads\/2025\/07\/alpaka-224x300.png 224w, https:\/\/chiesa.ispravarese.it\/wp-content\/uploads\/2025\/07\/alpaka-766x1024.png 766w, https:\/\/chiesa.ispravarese.it\/wp-content\/uploads\/2025\/07\/alpaka-768x1026.png 768w, https:\/\/chiesa.ispravarese.it\/wp-content\/uploads\/2025\/07\/alpaka.png 779w\" sizes=\"auto, (max-width: 224px) 100vw, 224px\" \/><\/p>\n<p>Aufmerksame Zuh\u00f6rer!<\/p>\n<p>Offene Ohren, wache interessierte Augen\u00a0 &#8211;\u00a0 so w\u00fcnschen sich nat\u00fcrlich Pfarrer und Pfarrerinnen ihre Gemeinde, wenn sie zum Gottesdienst zusammenkommt. Aber dabei soll es nicht bleiben. Mitdenken und Mitgestalten ist bei uns immer wieder auch willkommen. \u201eWohin der Geist uns treibt\u201c lautete das Thema eines open-air-Gottesdientes auf unserem Gel\u00e4nde und alle waren aufgefordert, sich zu beteiligen.<\/p>\n<p>Und so wurden in Gruppen gemeinsam diskutiert und die Ergebnisse dann auf bunte Segel geschrieben. Anschlie\u00dfend wurden die Boote zu Wasser gelassen und die Einf\u00e4lle begegneten sich im Spiel des Windes w\u00e4hrend des Gottesdienstes. Was auf den Segeln stand: <i>gemeinsam beten, essen, reden; l\u2018amore per gli altri; gegenseitig unterst\u00fctzen; Kontakte; Hoffnung; la gioia \u2026. <\/i><\/p>\n<p><img loading=\"lazy\" decoding=\"async\" class=\"alignnone size-medium wp-image-4420\" src=\"https:\/\/chiesa.ispravarese.it\/wp-content\/uploads\/2025\/07\/Bildbbot-300x172.png\" alt=\"\" width=\"300\" height=\"172\" srcset=\"https:\/\/chiesa.ispravarese.it\/wp-content\/uploads\/2025\/07\/Bildbbot-300x172.png 300w, https:\/\/chiesa.ispravarese.it\/wp-content\/uploads\/2025\/07\/Bildbbot-768x440.png 768w, https:\/\/chiesa.ispravarese.it\/wp-content\/uploads\/2025\/07\/Bildbbot.png 790w\" sizes=\"auto, (max-width: 300px) 100vw, 300px\" \/><\/p>\n<p>Sicher werden wir auch nach der Sommerpause wieder Gottesdienste gemeinsam feiern, in denen geschaut, geh\u00f6rt und mitgedacht werden kann. Im September geht es wieder los und wir freuen uns auf vertraute und neue Gesichter in der Gemeinde. Bis dahin m\u00f6ge Gott seine sch\u00fctzende Hand \u00fcber uns allen halten.<\/p>\n<p><em>Carsten Gerdes<\/em><\/p>","protected":false},"excerpt":{"rendered":"<p>Aufmerksame Zuh\u00f6rer! Offene Ohren, wache interessierte Augen\u00a0 &#8211;\u00a0 so w\u00fcnschen sich nat\u00fcrlich Pfarrer und Pfarrerinnen ihre Gemeinde, wenn sie zum Gottesdienst zusammenkommt. Aber dabei soll es nicht bleiben. Mitdenken und Mitgestalten ist bei uns immer wieder auch willkommen. \u201eWohin der Geist uns treibt\u201c lautete das Thema eines open-air-Gottesdientes auf unserem Gel\u00e4nde und alle waren aufgefordert, [&hellip;]<\/p>\n","protected":false},"author":8,"featured_media":0,"parent":97,"menu_order":0,"comment_status":"closed","ping_status":"closed","template":"","meta":{"footnotes":""},"class_list":["post-4525","page","type-page","status-publish","hentry"],"_links":{"self":[{"href":"https:\/\/chiesa.ispravarese.it\/de\/wp-json\/wp\/v2\/pages\/4525","targetHints":{"allow":["GET"]}}],"collection":[{"href":"https:\/\/chiesa.ispravarese.it\/de\/wp-json\/wp\/v2\/pages"}],"about":[{"href":"https:\/\/chiesa.ispravarese.it\/de\/wp-json\/wp\/v2\/types\/page"}],"author":[{"embeddable":true,"href":"https:\/\/chiesa.ispravarese.it\/de\/wp-json\/wp\/v2\/users\/8"}],"replies":[{"embeddable":true,"href":"https:\/\/chiesa.ispravarese.it\/de\/wp-json\/wp\/v2\/comments?post=4525"}],"version-history":[{"count":2,"href":"https:\/\/chiesa.ispravarese.it\/de\/wp-json\/wp\/v2\/pages\/4525\/revisions"}],"predecessor-version":[{"id":4527,"href":"https:\/\/chiesa.ispravarese.it\/de\/wp-json\/wp\/v2\/pages\/4525\/revisions\/4527"}],"up":[{"embeddable":true,"href":"https:\/\/chiesa.ispravarese.it\/de\/wp-json\/wp\/v2\/pages\/97"}],"wp:attachment":[{"href":"https:\/\/chiesa.ispravarese.it\/de\/wp-json\/wp\/v2\/media?parent=4525"}],"curies":[{"name":"wp","href":"https:\/\/api.w.org\/{rel}","templated":true}]}}

<p><img loading="lazy" decoding="async" class="alignnone size-medium wp-image-4419" src="https://chiesa.ispravarese.it/wp-content/uploads/2025/07/alpaka-224x300.png" alt="" width="224" height="300" srcset="https://chiesa.ispravarese.it/wp-content/uploads/2025/07/alpaka-224x300.png 224w, https://chiesa.ispravarese.it/wp-content/uploads/2025/07/alpaka-766x1024.png 766w, https://chiesa.ispravarese.it/wp-content/uploads/2025/07/alpaka-768x1026.png 768w, https://chiesa.ispravarese.it/wp-content/uploads/2025/07/alpaka.png 779w" sizes="auto, (max-width: 224px) 100vw, 224px" /></p>
<p>Aufmerksame Zuhörer!</p>
<p>Offene Ohren, wache interessierte Augen  &#8211;  so wünschen sich natürlich Pfarrer und Pfarrerinnen ihre Gemeinde, wenn sie zum Gottesdienst zusammenkommt. Aber dabei soll es nicht bleiben. Mitdenken und Mitgestalten ist bei uns immer wieder auch willkommen. „Wohin der Geist uns treibt“ lautete das Thema eines open-air-Gottesdientes auf unserem Gelände und alle waren aufgefordert, sich zu beteiligen.</p>
<p>Und so wurden in Gruppen gemeinsam diskutiert und die Ergebnisse dann auf bunte Segel geschrieben. Anschließend wurden die Boote zu Wasser gelassen und die Einfälle begegneten sich im Spiel des Windes während des Gottesdienstes. Was auf den Segeln stand: <i>gemeinsam beten, essen, reden; l‘amore per gli altri; gegenseitig unterstützen; Kontakte; Hoffnung; la gioia …. </i></p>
<p><img loading="lazy" decoding="async" class="alignnone size-medium wp-image-4420" src="https://chiesa.ispravarese.it/wp-content/uploads/2025/07/Bildbbot-300x172.png" alt="" width="300" height="172" srcset="https://chiesa.ispravarese.it/wp-content/uploads/2025/07/Bildbbot-300x172.png 300w, https://chiesa.ispravarese.it/wp-content/uploads/2025/07/Bildbbot-768x440.png 768w, https://chiesa.ispravarese.it/wp-content/uploads/2025/07/Bildbbot.png 790w" sizes="auto, (max-width: 300px) 100vw, 300px" /></p>
<p>Sicher werden wir auch nach der Sommerpause wieder Gottesdienste gemeinsam feiern, in denen geschaut, gehört und mitgedacht werden kann. Im September geht es wieder los und wir freuen uns auf vertraute und neue Gesichter in der Gemeinde. Bis dahin möge Gott seine schützende Hand über uns allen halten.</p>
<p><em>Carsten Gerdes</em></p>

<p>Aufmerksame Zuhörer! Offene Ohren, wache interessierte Augen  &#8211;  so wünschen sich natürlich Pfarrer und Pfarrerinnen ihre Gemeinde, wenn sie zum Gottesdienst zusammenkommt. Aber dabei soll es nicht bleiben. Mitdenken und Mitgestalten ist bei uns immer wieder auch willkommen. „Wohin der Geist uns treibt“ lautete das Thema eines open-air-Gottesdientes auf unserem Gelände und alle waren aufgefordert, [&hellip;]</p>
