{"id":3762,"date":"2023-11-09T14:20:32","date_gmt":"2023-11-09T13:20:32","guid":{"rendered":"https:\/\/chiesa.ispravarese.it\/?page_id=3762"},"modified":"2025-09-07T08:52:55","modified_gmt":"2025-09-07T06:52:55","slug":"andacht-09-2023","status":"publish","type":"page","link":"https:\/\/chiesa.ispravarese.it\/de\/angedacht\/andacht-09-2023\/","title":{"rendered":"Angedacht 09\/2023"},"content":{"rendered":"<p><img loading=\"lazy\" decoding=\"async\" class=\"alignnone size-medium wp-image-3698\" src=\"https:\/\/chiesa.ispravarese.it\/wp-content\/uploads\/2023\/09\/IMG20230731141446-300x225.jpg\" alt=\"\" width=\"300\" height=\"225\" srcset=\"https:\/\/chiesa.ispravarese.it\/wp-content\/uploads\/2023\/09\/IMG20230731141446-300x225.jpg 300w, https:\/\/chiesa.ispravarese.it\/wp-content\/uploads\/2023\/09\/IMG20230731141446-1024x768.jpg 1024w, https:\/\/chiesa.ispravarese.it\/wp-content\/uploads\/2023\/09\/IMG20230731141446-768x576.jpg 768w, https:\/\/chiesa.ispravarese.it\/wp-content\/uploads\/2023\/09\/IMG20230731141446-1536x1152.jpg 1536w, https:\/\/chiesa.ispravarese.it\/wp-content\/uploads\/2023\/09\/IMG20230731141446-2048x1536.jpg 2048w\" sizes=\"auto, (max-width: 300px) 100vw, 300px\" \/><\/p>\n<p><img loading=\"lazy\" decoding=\"async\" class=\"alignnone size-medium wp-image-3699\" src=\"https:\/\/chiesa.ispravarese.it\/wp-content\/uploads\/2023\/09\/20230905_183759-300x225.jpg\" alt=\"\" width=\"300\" height=\"225\" srcset=\"https:\/\/chiesa.ispravarese.it\/wp-content\/uploads\/2023\/09\/20230905_183759-300x225.jpg 300w, https:\/\/chiesa.ispravarese.it\/wp-content\/uploads\/2023\/09\/20230905_183759-1024x768.jpg 1024w, https:\/\/chiesa.ispravarese.it\/wp-content\/uploads\/2023\/09\/20230905_183759-768x576.jpg 768w, https:\/\/chiesa.ispravarese.it\/wp-content\/uploads\/2023\/09\/20230905_183759-1536x1152.jpg 1536w, https:\/\/chiesa.ispravarese.it\/wp-content\/uploads\/2023\/09\/20230905_183759-2048x1536.jpg 2048w\" sizes=\"auto, (max-width: 300px) 100vw, 300px\" \/><\/p>\n<p>&nbsp;<\/p>\n<p>Ein Rabbiner, ein Priester, ein Pastor und ein buddhistischer M\u00f6nch treffen sich im Kaffeehaus. Nat\u00fcrlich reden sie \u00fcber Gott.<\/p>\n<p>\u201eGott ist im Himmel\u201c, versichert der Priester.<\/p>\n<p>\u201eGott ist auf der Erde\u201c, entgegnet der Pastor.<\/p>\n<p>\u201eGott ist in uns\u201c, h\u00e4lt der buddhistische M\u00f6nch dagegen.<\/p>\n<p>\u201eGott ist \u00fcberall dort, wo man ihn einl\u00e4sst\u201c, erwidert der Rabbiner.<\/p>\n<p><b>Liebe Gemeinde,<\/b><\/p>\n<p>an der Antwort des Rabbiners gefallen mir zwei Aspekte. Zum einen legt diese Gott nicht auf einen bestimmten Ort fest. Gott sei eben nur da oder dort zu finden. Zum Beispiel in der Kirche, in der Bibel oder sonstwo. Menschen, die meinen, ganz genau zu wissen, wo Gott ist und wie er ist oder die glauben, einwandfrei sagen zu k\u00f6nnen, was Gottes Wille und was ihm nicht recht ist, die betrachte ich skeptisch. Denn in meinen Augen stellen sie sich damit auf eine Stufe mit ihm, wenn nicht gar \u00fcber ihn. Sie beanspruchen eine Deutungshoheit, die ihnen, die uns allen nicht zusteht. Ehrlich gefragt: Was brauche ich \u00fcberhaupt noch einen Gott, wenn <i>ich <\/i>bestimme, wie und wo er ist?<\/p>\n<p>Das Zweite, das mir an der Antwort des Rabbiners gef\u00e4llt, ist, dass er Gott als im Geschehen, in Bewegung beschreibt: Gott ist, ereignet sich dort, wo ein Mensch mit ihm in Kontakt kommt, ihn erf\u00e4hrt und in sein Leben hineinl\u00e4sst. Also nicht, so und so ist Gott, sondern in der Begegnung mit mir erkenne ich ihn. Und erst, wenn ich Gott in mein Leben hineinlassen, dann erweist er sich auch mir als der, der er ist, als der, der er sein kann. Und dann beginnt etwas viel Gr\u00f6\u00dferes, viel Gro\u00dfartigeres als wir je beschreiben k\u00f6nnten.<\/p>\n<p>Probieren Sie es mal aus. <i>Ihr Pastor Carsten Gerdes<\/i><\/p>","protected":false},"excerpt":{"rendered":"<p>&nbsp; Ein Rabbiner, ein Priester, ein Pastor und ein buddhistischer M\u00f6nch treffen sich im Kaffeehaus. Nat\u00fcrlich reden sie \u00fcber Gott. \u201eGott ist im Himmel\u201c, versichert der Priester. \u201eGott ist auf der Erde\u201c, entgegnet der Pastor. \u201eGott ist in uns\u201c, h\u00e4lt der buddhistische M\u00f6nch dagegen. \u201eGott ist \u00fcberall dort, wo man ihn einl\u00e4sst\u201c, erwidert der Rabbiner. [&hellip;]<\/p>\n","protected":false},"author":2,"featured_media":0,"parent":97,"menu_order":0,"comment_status":"closed","ping_status":"closed","template":"","meta":{"footnotes":""},"class_list":["post-3762","page","type-page","status-publish","hentry"],"_links":{"self":[{"href":"https:\/\/chiesa.ispravarese.it\/de\/wp-json\/wp\/v2\/pages\/3762","targetHints":{"allow":["GET"]}}],"collection":[{"href":"https:\/\/chiesa.ispravarese.it\/de\/wp-json\/wp\/v2\/pages"}],"about":[{"href":"https:\/\/chiesa.ispravarese.it\/de\/wp-json\/wp\/v2\/types\/page"}],"author":[{"embeddable":true,"href":"https:\/\/chiesa.ispravarese.it\/de\/wp-json\/wp\/v2\/users\/2"}],"replies":[{"embeddable":true,"href":"https:\/\/chiesa.ispravarese.it\/de\/wp-json\/wp\/v2\/comments?post=3762"}],"version-history":[{"count":2,"href":"https:\/\/chiesa.ispravarese.it\/de\/wp-json\/wp\/v2\/pages\/3762\/revisions"}],"predecessor-version":[{"id":4455,"href":"https:\/\/chiesa.ispravarese.it\/de\/wp-json\/wp\/v2\/pages\/3762\/revisions\/4455"}],"up":[{"embeddable":true,"href":"https:\/\/chiesa.ispravarese.it\/de\/wp-json\/wp\/v2\/pages\/97"}],"wp:attachment":[{"href":"https:\/\/chiesa.ispravarese.it\/de\/wp-json\/wp\/v2\/media?parent=3762"}],"curies":[{"name":"wp","href":"https:\/\/api.w.org\/{rel}","templated":true}]}}

<p><img loading="lazy" decoding="async" class="alignnone size-medium wp-image-3698" src="https://chiesa.ispravarese.it/wp-content/uploads/2023/09/IMG20230731141446-300x225.jpg" alt="" width="300" height="225" srcset="https://chiesa.ispravarese.it/wp-content/uploads/2023/09/IMG20230731141446-300x225.jpg 300w, https://chiesa.ispravarese.it/wp-content/uploads/2023/09/IMG20230731141446-1024x768.jpg 1024w, https://chiesa.ispravarese.it/wp-content/uploads/2023/09/IMG20230731141446-768x576.jpg 768w, https://chiesa.ispravarese.it/wp-content/uploads/2023/09/IMG20230731141446-1536x1152.jpg 1536w, https://chiesa.ispravarese.it/wp-content/uploads/2023/09/IMG20230731141446-2048x1536.jpg 2048w" sizes="auto, (max-width: 300px) 100vw, 300px" /></p>
<p><img loading="lazy" decoding="async" class="alignnone size-medium wp-image-3699" src="https://chiesa.ispravarese.it/wp-content/uploads/2023/09/20230905_183759-300x225.jpg" alt="" width="300" height="225" srcset="https://chiesa.ispravarese.it/wp-content/uploads/2023/09/20230905_183759-300x225.jpg 300w, https://chiesa.ispravarese.it/wp-content/uploads/2023/09/20230905_183759-1024x768.jpg 1024w, https://chiesa.ispravarese.it/wp-content/uploads/2023/09/20230905_183759-768x576.jpg 768w, https://chiesa.ispravarese.it/wp-content/uploads/2023/09/20230905_183759-1536x1152.jpg 1536w, https://chiesa.ispravarese.it/wp-content/uploads/2023/09/20230905_183759-2048x1536.jpg 2048w" sizes="auto, (max-width: 300px) 100vw, 300px" /></p>
<p>&nbsp;</p>
<p>Ein Rabbiner, ein Priester, ein Pastor und ein buddhistischer Mönch treffen sich im Kaffeehaus. Natürlich reden sie über Gott.</p>
<p>„Gott ist im Himmel“, versichert der Priester.</p>
<p>„Gott ist auf der Erde“, entgegnet der Pastor.</p>
<p>„Gott ist in uns“, hält der buddhistische Mönch dagegen.</p>
<p>„Gott ist überall dort, wo man ihn einlässt“, erwidert der Rabbiner.</p>
<p><b>Liebe Gemeinde,</b></p>
<p>an der Antwort des Rabbiners gefallen mir zwei Aspekte. Zum einen legt diese Gott nicht auf einen bestimmten Ort fest. Gott sei eben nur da oder dort zu finden. Zum Beispiel in der Kirche, in der Bibel oder sonstwo. Menschen, die meinen, ganz genau zu wissen, wo Gott ist und wie er ist oder die glauben, einwandfrei sagen zu können, was Gottes Wille und was ihm nicht recht ist, die betrachte ich skeptisch. Denn in meinen Augen stellen sie sich damit auf eine Stufe mit ihm, wenn nicht gar über ihn. Sie beanspruchen eine Deutungshoheit, die ihnen, die uns allen nicht zusteht. Ehrlich gefragt: Was brauche ich überhaupt noch einen Gott, wenn <i>ich </i>bestimme, wie und wo er ist?</p>
<p>Das Zweite, das mir an der Antwort des Rabbiners gefällt, ist, dass er Gott als im Geschehen, in Bewegung beschreibt: Gott ist, ereignet sich dort, wo ein Mensch mit ihm in Kontakt kommt, ihn erfährt und in sein Leben hineinlässt. Also nicht, so und so ist Gott, sondern in der Begegnung mit mir erkenne ich ihn. Und erst, wenn ich Gott in mein Leben hineinlassen, dann erweist er sich auch mir als der, der er ist, als der, der er sein kann. Und dann beginnt etwas viel Größeres, viel Großartigeres als wir je beschreiben könnten.</p>
<p>Probieren Sie es mal aus. <i>Ihr Pastor Carsten Gerdes</i></p>

<p>&nbsp; Ein Rabbiner, ein Priester, ein Pastor und ein buddhistischer Mönch treffen sich im Kaffeehaus. Natürlich reden sie über Gott. „Gott ist im Himmel“, versichert der Priester. „Gott ist auf der Erde“, entgegnet der Pastor. „Gott ist in uns“, hält der buddhistische Mönch dagegen. „Gott ist überall dort, wo man ihn einlässt“, erwidert der Rabbiner. [&hellip;]</p>
