{"id":110,"date":"2016-06-06T12:51:19","date_gmt":"2016-06-06T10:51:19","guid":{"rendered":"http:\/\/chiesa.ispravarese.it\/?page_id=110"},"modified":"2026-04-19T20:16:23","modified_gmt":"2026-04-19T18:16:23","slug":"termine","status":"publish","type":"page","link":"https:\/\/chiesa.ispravarese.it\/de\/termine\/","title":{"rendered":"Termine"},"content":{"rendered":"<p>Derzeit werden alle Gottesdienste auf Video aufgenommen. Texte und Aufnahmen ver\u00f6ffentlichen wir unter &#8222;gefeierte Gottesdienste&#8220;.<\/p>\n<h3>Gottesdienste und Veranstaltungen April<\/h3>\n<p><strong>Gr\u00fcndonnerstag, 02.04.2026\u00a019.00 Uhr<\/strong><br \/>\nTischabendmahl und Abendessen im Anschluss<\/p>\n<p><strong>Ostersonntag, 05.04.2026 09.00 Uhr<\/strong><br \/>\nOstergottesdienst mit anschlie\u00dfendem Fr\u00fchst\u00fcck und Eiersuche<\/p>\n<p><strong>So. 12.04.2026 10.30 Uhr<\/strong><br \/>\nGottesdienst<\/p>\n<p><strong>Mi. 15.04.2026 20.00 Uhr<\/strong><br \/>\nKirchengemeinderat online<\/p>\n<p><strong>Fr. 17.04.2026 10.00 Uhr<\/strong><br \/>\nStudienkreis<\/p>\n<p><strong>Sa. 18.04.2026 10.00 Uhr<br \/>\n<\/strong>Waldkinder<\/p>\n<p><strong>So. 19.04.2026 10.30 Uhr<br \/>\n<\/strong>Gottesdienst<\/p>\n<p><strong>Sa. 25.04.2026 11.00 Uhr<br \/>\n<\/strong><a href=\"https:\/\/chiesa.ispravarese.it\/wp-content\/uploads\/2026\/04\/plakat-Jubilaeumdt.jpg\">Gottesdienst zum Gemeindejubil\u00e4um<\/a><br \/>\nAnschlie\u00dfend Fest<\/p>\n<h3>Gottesdienste und Veranstaltungen Mai<\/h3>\n<p><strong>So. 03.05.2026<\/strong><br \/>\n<span style=\"text-decoration: underline; color: #ff0000;\">Kein Gottesdienst<\/span> wegen Synode<\/p>\n<p><strong>Do. 07.05.2026 20.00 Uhr<\/strong><br \/>\nCaldanerinnen<\/p>\n<p><strong>Sa. 09.05.2026 16.00 Uhr<\/strong><br \/>\nGottesdienst zum Abschied unseres Pastorenehepaars<br \/>\nAnschlie\u00dfend Fest<\/p>\n<p><strong>So. 17.05.2026 10.30 Uhr<\/strong><br \/>\nGottesdienst in deutsch<\/p>\n<p><strong>So. 24.05.2026 10.30 Uhr<\/strong><br \/>\nGottesdienst mit Abendmahl<\/p>\n<p><strong>Sa. 30.05.2026 10.00 Uhr<\/strong><br \/>\nWaldkinder<\/p>\n<p><strong>So. 31.05.2026 10.30 Uhr<\/strong><br \/>\nGottesdienst mit Besuch einer Gemeinde aus Bellinzona<\/p>\n<h3>Gottesdienste und Veranstaltungen Juni<\/h3>\n<p><strong>Sa. 06.06.2026 11.00 Uhr<\/strong><br \/>\nTaufe<\/p>\n<p><strong>So. 07.06.2026 10.30 Uhr<\/strong><br \/>\nGottesdienst<\/p>\n<p><strong>Sa. 14.06.2026 10.30 Uhr<\/strong><br \/>\nGottesdienst<\/p>\n<hr \/>\n<p><b>N\u00e4chste Gemeinderatssitzung:<br \/>\n<\/b><\/p>\n<p><b>Gefangenenhilfe:<br \/>\n<\/b>nach Absprache<\/p>\n<p><strong>Herzliche Einladung auch zu den Veranstaltungen unserer Mail\u00e4nder Schwestergemeinde <a href=\"https:\/\/www.ccp-milano.it\/\">Chiesa Christiana Protestante di Milano<\/a><\/strong><\/p>\n<hr \/>\n<p>Hier finden sie die archivierten Termine<\/p>\n<p>[wpb_childpages]<\/p>","protected":false},"excerpt":{"rendered":"<p>Derzeit werden alle Gottesdienste auf Video aufgenommen. Texte und Aufnahmen ver\u00f6ffentlichen wir unter &#8222;gefeierte Gottesdienste&#8220;. Gottesdienste und Veranstaltungen April Gr\u00fcndonnerstag, 02.04.2026\u00a019.00 Uhr Tischabendmahl und Abendessen im Anschluss Ostersonntag, 05.04.2026 09.00 Uhr Ostergottesdienst mit anschlie\u00dfendem Fr\u00fchst\u00fcck und Eiersuche So. 12.04.2026 10.30 Uhr Gottesdienst Mi. 15.04.2026 20.00 Uhr Kirchengemeinderat online Fr. 17.04.2026 10.00 Uhr Studienkreis Sa. 18.04.2026 [&hellip;]<\/p>\n","protected":false},"author":1,"featured_media":0,"parent":0,"menu_order":0,"comment_status":"closed","ping_status":"closed","template":"child_index_page.php","meta":{"footnotes":""},"class_list":["post-110","page","type-page","status-publish","hentry"],"_links":{"self":[{"href":"https:\/\/chiesa.ispravarese.it\/de\/wp-json\/wp\/v2\/pages\/110","targetHints":{"allow":["GET"]}}],"collection":[{"href":"https:\/\/chiesa.ispravarese.it\/de\/wp-json\/wp\/v2\/pages"}],"about":[{"href":"https:\/\/chiesa.ispravarese.it\/de\/wp-json\/wp\/v2\/types\/page"}],"author":[{"embeddable":true,"href":"https:\/\/chiesa.ispravarese.it\/de\/wp-json\/wp\/v2\/users\/1"}],"replies":[{"embeddable":true,"href":"https:\/\/chiesa.ispravarese.it\/de\/wp-json\/wp\/v2\/comments?post=110"}],"version-history":[{"count":6,"href":"https:\/\/chiesa.ispravarese.it\/de\/wp-json\/wp\/v2\/pages\/110\/revisions"}],"predecessor-version":[{"id":4756,"href":"https:\/\/chiesa.ispravarese.it\/de\/wp-json\/wp\/v2\/pages\/110\/revisions\/4756"}],"wp:attachment":[{"href":"https:\/\/chiesa.ispravarese.it\/de\/wp-json\/wp\/v2\/media?parent=110"}],"curies":[{"name":"wp","href":"https:\/\/api.w.org\/{rel}","templated":true}]}}

<p>Derzeit werden alle Gottesdienste auf Video aufgenommen. Texte und Aufnahmen veröffentlichen wir unter &#8222;gefeierte Gottesdienste&#8220;.</p>
<h3>Gottesdienste und Veranstaltungen April</h3>
<p><strong>Gründonnerstag, 02.04.2026 19.00 Uhr</strong><br />
Tischabendmahl und Abendessen im Anschluss</p>
<p><strong>Ostersonntag, 05.04.2026 09.00 Uhr</strong><br />
Ostergottesdienst mit anschließendem Frühstück und Eiersuche</p>
<p><strong>So. 12.04.2026 10.30 Uhr</strong><br />
Gottesdienst</p>
<p><strong>Mi. 15.04.2026 20.00 Uhr</strong><br />
Kirchengemeinderat online</p>
<p><strong>Fr. 17.04.2026 10.00 Uhr</strong><br />
Studienkreis</p>
<p><strong>Sa. 18.04.2026 10.00 Uhr<br />
</strong>Waldkinder</p>
<p><strong>So. 19.04.2026 10.30 Uhr<br />
</strong>Gottesdienst</p>
<p><strong>Sa. 25.04.2026 11.00 Uhr<br />
</strong><a href="https://chiesa.ispravarese.it/wp-content/uploads/2026/04/plakat-Jubilaeumdt.jpg">Gottesdienst zum Gemeindejubiläum</a><br />
Anschließend Fest</p>
<h3>Gottesdienste und Veranstaltungen Mai</h3>
<p><strong>So. 03.05.2026</strong><br />
<span style="text-decoration: underline; color: #ff0000;">Kein Gottesdienst</span> wegen Synode</p>
<p><strong>Do. 07.05.2026 20.00 Uhr</strong><br />
Caldanerinnen</p>
<p><strong>Sa. 09.05.2026 16.00 Uhr</strong><br />
Gottesdienst zum Abschied unseres Pastorenehepaars<br />
Anschließend Fest</p>
<p><strong>So. 17.05.2026 10.30 Uhr</strong><br />
Gottesdienst in deutsch</p>
<p><strong>So. 24.05.2026 10.30 Uhr</strong><br />
Gottesdienst mit Abendmahl</p>
<p><strong>Sa. 30.05.2026 10.00 Uhr</strong><br />
Waldkinder</p>
<p><strong>So. 31.05.2026 10.30 Uhr</strong><br />
Gottesdienst mit Besuch einer Gemeinde aus Bellinzona</p>
<h3>Gottesdienste und Veranstaltungen Juni</h3>
<p><strong>Sa. 06.06.2026 11.00 Uhr</strong><br />
Taufe</p>
<p><strong>So. 07.06.2026 10.30 Uhr</strong><br />
Gottesdienst</p>
<p><strong>Sa. 14.06.2026 10.30 Uhr</strong><br />
Gottesdienst</p>
<hr />
<p><b>Nächste Gemeinderatssitzung:<br />
</b></p>
<p><b>Gefangenenhilfe:<br />
</b>nach Absprache</p>
<p><strong>Herzliche Einladung auch zu den Veranstaltungen unserer Mailänder Schwestergemeinde <a href="https://www.ccp-milano.it/">Chiesa Christiana Protestante di Milano</a></strong></p>
<hr />
<p>Hier finden sie die archivierten Termine</p>
<p>[wpb_childpages]</p>

<p>Derzeit werden alle Gottesdienste auf Video aufgenommen. Texte und Aufnahmen veröffentlichen wir unter &#8222;gefeierte Gottesdienste&#8220;. Gottesdienste und Veranstaltungen April Gründonnerstag, 02.04.2026 19.00 Uhr Tischabendmahl und Abendessen im Anschluss Ostersonntag, 05.04.2026 09.00 Uhr Ostergottesdienst mit anschließendem Frühstück und Eiersuche So. 12.04.2026 10.30 Uhr Gottesdienst Mi. 15.04.2026 20.00 Uhr Kirchengemeinderat online Fr. 17.04.2026 10.00 Uhr Studienkreis Sa. 18.04.2026 [&hellip;]</p>
